*j + 1. Let a be c(z). Suppose 0*p + a = 5*p + 4*q, 3*p = 5*q. Calculate d(p).
-8
Let n(o) be the second derivative of o**5/20 + o**4/2 - 11*o**3/3 + 9*o**2/2 + 1145*o - 1. Calculate n(-8).
57
Let k(r) = r**3 - 9*r**2 - 7*r - 18. Let m = 3501 - 3491. What is k(m)?
12
Let j(z) = -z**2 - 1. Suppose 3*o - 6 + 7 = 4*x, x + 21 = 5*o. Suppose 1 = o*n - 2*n + 4*r, 0 = -5*n - 5*r + 5. Give j(n).
-10
Let v(i) = 3*i**3 + 10*i**2 + 17*i - 6. Let y be v(-6). Let o = y + 388. Let n(c) = -c**3 - 8*c**2 + 1. Determine n(o).
1
Let n(o) be the second derivative of o**5/20 + 5*o**4/12 - 4*o**3/3 - 7*o**2/2 + 35*o. What is n(-5)?
33
Let c(g) be the second derivative of 1/2*g**2 + 20*g - 1/6*g**3 + 0. Let n(h) = 7*h**2 + 3*h - 1. Let f(q) = -2*c(q) - n(q). Give f(-1).
-7
Suppose -5 = 5*q + 120*z - 115*z, -9 = 4*q - z. Let y(c) = -4*c**2 - 2*c + 1. Give y(q).
-11
Let n(c) = 4*c**2 + 3*c + 1. Suppose 88 = 128*t - 117*t. Let p be (-27)/t - (-144)/384. Calculate n(p).
28
Let k = 103 + -93. Let p(w) = -8*w - k + 6 + w**2 + 9*w. Determine p(-4).
8
Suppose -4 = -2*v + v. Let o(x) = -4 - 44*x - 50*x + 470*x**2 - 941*x**2 + 90*x + 472*x**2. Give o(v).
-4
Let g be 1/((-2)/1)*2. Let j(l) = 56*l + 1 + 45*l - 189*l - 31*l**2 + 45*l + 44*l + 35*l**2. Determine j(g).
4
Let y be 12*((-225)/18)/25. Let w(h) = -5*h**2 - h + 7. Determine w(y).
-167
Suppose -2*o + 62 = -2*f + 58, 3*o + 5*f + 10 = 0. Let k(s) = -s**2 + 2*s - 23. Calculate k(o).
-23
Let y(u) = u**3 - 2*u**2 - 7*u - 1. Let s be (2 + -2)*(-1)/(-3). Suppose s = 32*k - 31 - 129. Calculate y(k).
39
Let k(i) be the second derivative of -i**3/3 + i**2 + 3*i. Let d = 658 - 651. What is k(d)?
-12
Let o(c) = 54*c**2 - 55*c**2 - 9*c + 50 - 14. Let u be o(-12). Let b(j) = u*j**2 + j + 1 + 12*j**2 - 2*j**2 - 6*j**2. What is b(-2)?
15
Suppose 0 = 258*a - 205*a - 424. Let d(j) = 4*j**2 - 10*j + 12. Let u(g) = -7*g**2 + 21*g - 24. Let b(y) = -5*d(y) - 3*u(y). Give b(a).
-28
Let j(m) = -m - 41. Let u(n) = -4*n**2 + 7*n + 73. Let y be u(-4). Give j(y).
-22
Let b(w) = w**3 - 10*w**2 + 4*w + 46. Let l be 4*2 + 9*21/189. Determine b(l).
1
Let t(m) = -m**2 + 17*m + 117. Let p(l) = l**2 - 36*l + 246. Let u be p(8). Give t(u).
7
Let v(s) = s - 10. Let l be v(5). Let c(k) be the second derivative of 13*k + 7/2*k**2 + 1/2*k**3 + 0. Determine c(l).
-8
Suppose -56 = 2*d - 2*j, -2*d + 5*d + j + 96 = 0. Let s = 35 + d. Let m(c) be the third derivative of -c**5/60 + c**4/12 + c**3/6 - c**2 - 16. Calculate m(s).
-7
Let y(n) = 11 + 75 + 6*n**2 + 16*n - 24 + n**3. Determine y(-5).
7
Let k(m) = 12 - m**3 - 23 - 56*m + 15 - 76*m - 7*m**2 + 141*m. Give k(2).
-14
Let b(l) = 5*l - 28 - 5 + 14 + 10. Calculate b(-7).
-44
Let t be ((-748)/(-204))/(2/6). Let p(j) = t + 2*j - 26 + 18 + 0*j. What is p(-3)?
-3
Let n(l) = -2*l**2 - 16*l - 10. Let h be n(-8). Let k(w) = -w**2 - 12*w - 14. Let o be k(h). Let s be 31 + -31 - (o*-1 + 1). Let u(v) = 3*v - 7. What is u(s)?
8
Let m(a) be the third derivative of -a**4/24 - 7*a**3/6 - a**2. Let u(i) = -32*i + 20. Let d be u(1). Let z be 1/6 + 2/(d/25). What is m(z)?
-3
Let v = -6 + -2. Let y be ((-32)/v)/(2/3). Let j(c) = 1 - 272*c + 0 + 134*c + 6 + 137*c. What is j(y)?
1
Suppose r = -0*r - 3. Let z = 0 + r. Let m(h) be the third derivative of -h**4/24 - h**3/3 - 2113*h**2 - 13. Give m(z).
1
Let c(u) = u**3 - u**2 - u - 32. Let v(r) = -r**3 + r**2 + r + 33. Let g(h) = -97*h - 490. Let f be g(-5). Let k(q) = f*v(q) - 6*c(q). What is k(0)?
27
Let w(n) = -53111*n + 53106*n + n**3 + 7 - 3*n**3 + n**3 + 2*n**2. Determine w(2).
-3
Suppose -103*z + 55*z - 720 = 0. Let o(t) = t**3 + 11*t**2 - 61*t - 18. Calculate o(z).
-3
Let u(w) = -4 + 2*w**3 + 1 + 5*w + 4 + 6*w**2 - 3*w**3. Let q be (-14)/4 - -3 - 74/(-4). Suppose 2*t - 10 = 2*f, -3*f - 2*f = -4*t + q. Calculate u(t).
-13
Let j(b) be the first derivative of -b**4/4 + 7*b**3/3 + 5*b**2/2 - 8*b + 4074. Calculate j(8).
-32
Let b(k) = 3*k**2 + 4*k - 24. Let m(c) = -5*c**2 - 7*c + 47. Let t(a) = 7*b(a) + 4*m(a). Let j(v) = -v**3 + 16*v**2 - 17*v + 30. Let o be j(15). Determine t(o).
20
Let h(u) be the first derivative of 11*u**4/2 - 2*u**3/3 - u**2 - u + 4. Let k be (-2)/2*(-4 + (-125)/(-25)). Calculate h(k).
-23
Let a be ((-65 + 5)/(-3))/((-2)/(-50)). Let i = 496 - a. Let k(c) = -c**3 - 3*c**2 + 4*c + 1. Calculate k(i).
1
Let m(t) = -3*t**3 + 17*t**2 - 8*t + 7. Let x(l) = 2*l**3 - 9*l**2 + 5*l - 3. Let a(f) = 3*m(f) + 5*x(f). Let y be 81/24*-2 - (-6)/8. Calculate a(y).
0
Suppose -3*o + 2 = -4*h, -4*o + 0*h + h = 6. Let a = o - 1. Let q(n) be the second derivative of -n**5/20 - n**4/6 + 2*n**3/3 - n**2/2 - n - 140. Give q(a).
-4
Let u(m) = -4*m - 13. Let w be u(-5). Let d(i) = w*i + 6 - i - i - 10*i. Let x(r) = 14*r - 17. Let h(l) = 17*d(l) + 6*x(l). Determine h(5).
-5
Let t(o) = -o**2 + 4*o. Let v(a) = 2*a**2 - 4*a + 1. Let y(n) = 3*t(n) + 2*v(n). Let u(w) = 169*w + 333. Let k be u(-2). Determine y(k).
7
Let j(y) = -1042*y - 5207. Let i be j(-5). Let s(u) be the third derivative of 0 + 2/3*u**i + 0*u - 1/24*u**4 - 26*u**2. Calculate s(6).
-2
Suppose -5*r + 2*f - 6*f = -95, 5 = f. Let u(n) be the first derivative of 1/2*n**2 - 12*n - r. What is u(6)?
-6
Let a(g) = 0*g**2 + 5*g**2 + g**2 - 3*g**2 - 2*g**2 - 9 + 6*g. Suppose f - 20*f = 133. What is a(f)?
-2
Let f(o) be the first derivative of o**3 + o**2/2 + o + 1. Let b = -576 + 216. Let n be b/(-270) + ((-4)/(-3))/2. Give f(n).
15
Suppose 0 = -4*h + 3*m + 29, 0 = -9*h - m - 2*m + 36. Let c(v) = -v**3 + 4*v**2 + 13*v - 12. Give c(h).
28
Suppose -6*y = 19 - 37. Let r(b) = -3*b - 6 - 2 + 115*b**2 - 121*b**2 + b**y + 0. Give r(7).
20
Let o be (6/8)/(6/16) - -2. Suppose o*l + 42 = 3*l. Let h = -45 - l. Let j(r) = r**2 - 3*r - 4. Determine j(h).
14
Let c(s) = -232*s**2 + 67*s - 5. Let g(x) = 93*x**2 - 26*x + 2. Let u(d) = 2*c(d) + 5*g(d). Let v = -4 - 0. What is u(v)?
0
Suppose -47 = -5*v - 6*p, -7*v + 5*p = -3*v - 18. Let z(a) = -6*a + 44. Calculate z(v).
2
Let n(m) = -13125*m**3 + 4*m + 13126*m**3 - m**2 - 10 - 3*m**2 + 0*m**2. Determine n(4).
6
Let x be (2/(-6))/(3/9). Let c(n) = -3*n**3 - 7*n - 250 - 2*n**2 + 506 - 257 + 5*n. Determine c(x).
2
Let m(d) = -377 + 177 + 170 + 0*d + 3*d. Determine m(-6).
-48
Suppose -2*v = -5*q + 18, q + q - 10 = -2*v. Let u(s) = 5 - 5 + 4*s + v. Let d = -50148 + 50149. What is u(d)?
5
Suppose 0*q + 324 = 2*q. Suppose q*t = 164*t + 8. Let s(i) = -i + 7*i**2 - 6*i**2 + 4*i + 3. Give s(t).
7
Let a(c) = c**3 - 21*c**2 + 13*c**2 + 11*c**2 - 2. Let u(s) = s**2 - 15*s - 14. Let j be u(16). Suppose -2*w + 2*h = -j*h, w + 3*h = -5. Determine a(w).
2
Let t = -376 - -234. Let r = 147 + t. Let p(o) = o**2 - 6*o - 3. What is p(r)?
-8
Let r(t) = -2*t - 15. Let y(g) = 2*g + 15. Let u(x) = -3*r(x) - 2*y(x). Suppose -97*j - 383 - 85 = 20*j. Calculate u(j).
7
Let i(s) be the third derivative of -s**5/60 - 11*s**4/24 + 35*s**3/2 - 101*s**2. Let l(y) be the first derivative of i(y). What is l(-8)?
5
Suppose 4*x = -4*r - 0*x + 60, x + 93 = 5*r. Let b be (-278)/(-22) + -2 + (-390)/(-165). Let w(o) = b + r + 15*o**2 - 30. What is w(1)?
16
Let n be (-4)/(-2) + 1/1. Let u(z) = 3*z - 2. Let k be u(n). Let i(q) = 5*q + 34*q - 10 + 2*q**2 - 45*q + 3*q**2 - 4*q**2. What is i(k)?
-3
Let r(x) be the first derivative of 8 - 1/6*x**3 + 3*x + 0*x**2. Let t(m) be the first derivative of r(m). Give t(1).
-1
Let r(z) = -3*z**2 - 38*z - 126. Let y(i) = -i**3 + 267*i**2 + 541*i + 1. Let v be y(-2). Give r(v).
-11
Let t be -1*4*(-37 + (-1716)/(-48)). Let j(h) = -h**3 + 6*h**2 - 19*h + 66. Give j(t).
-4
Let f(r) = -r**2 - 16*r - 4. Let v(p) = -p**3 + 4*p**2 - 9*p - 6. Let a be v(2). Determine f(a).
-4
Let b(f) = 16*f**3 + 22 - 16*f**3 - 16*f**3 + 6*f**2 - 9 - 9*f + 17*f**3. What is b(-8)?
-43
Let x(f) = -f - 11. Let s be x(-7). Let j(n) = -52*n**2 + 11*n + 4. Let c(t) = -9*t**2 + t + 1. Let z(y) = -6*c(y) + j(y). What is z(s)?
10
Let l(q) = -q**3 + 6*q**2 - 7*q + 11. Let p be (-2 + 3)/((-1)/70*-14). Determine l(p).
1
Let w(s) be the second derivative of -s**5/20 - 7*s**4/12 - s**3/6 - 9*s**2/2 + 38*s - 3. Let j(n) = 2*n + 7. Let x be j(-7). Calculate w(x).
-2
Let s(g) = -20 + 30*g - 25 - 15 - 85 - 7*g. What is s(7)?
16
Let n = -9 - -16. Suppose -3*b - 5 + 27 = -4*y, -3*b - 2*y = -16. Let m(z) = 4 + z**2 - b*z - 9 + 3. What is m(n)?
5
Let h